 is 2af85f + -4?
2af85b
In base 13, what is 3 - -1a390?
1a393
In base 3, what is 11 + 1001202200200?
1001202200211
In base 6, what is 15 - -120523?
120542
In base 5, what is 30 - -10010414?
10010444
In base 3, what is -12000111 - -10?
-12000101
In base 11, what is -10950 - -61?
-1089a
In base 10, what is -1647 + -32?
-1679
In base 16, what is -31f9 + -1?
-31fa
In base 12, what is 98 + -23732?
-23656
In base 12, what is -11a - -164?
46
In base 15, what is 220 - a?
215
In base 4, what is 12013 + 21?
12100
In base 10, what is -74811 + -1?
-74812
In base 7, what is -24 - -25234?
25210
In base 5, what is 241 + 1144224?
1200020
In base 11, what is -47 + a75?
a29
In base 9, what is -36 - -1108?
1062
In base 6, what is 1123304 - -5?
1123313
In base 9, what is -2 + 3036?
3034
In base 9, what is -385515 - 3?
-385518
In base 15, what is 85d3 + 6?
85d9
In base 10, what is 5 + -15332?
-15327
In base 15, what is -11 - b69?
-b7a
In base 11, what is -44a + -114?
-563
In base 12, what is -100368 - -3?
-100365
In base 12, what is 20 - 144?
-124
In base 12, what is -2 - 2005b?
-20061
In base 7, what is 201 + -46?
122
In base 8, what is 2405 + 671?
3276
In base 9, what is 7724723 + 3?
7724726
In base 15, what is -21 - -2371?
2350
In base 15, what is 1d73c3 - 1?
1d73c2
In base 7, what is 2255 - 5?
2250
In base 14, what is -14ba - -200?
-12ba
In base 7, what is -1555 + -3416?
-5304
In base 4, what is -1001032 + -22?
-1001120
In base 15, what is -9a + -25d?
-308
In base 2, what is 10010 - -100100001110?
100100100000
In base 16, what is e - 7a6?
-798
In base 7, what is -5226400 - 3?
-5226403
In base 5, what is 343420 + -12?
343403
In base 11, what is -3 - 9771?
-9774
In base 11, what is -12 + -298?
-2aa
In base 15, what is -dde7e + -5?
-dde84
In base 8, what is 3720655 - -5?
3720662
In base 4, what is -101 + 220201?
220100
In base 12, what is -6207 + -18?
-6223
In base 3, what is 102000012 - -22?
102000111
In base 3, what is 2022221 + -1201112?
121102
In base 15, what is -3 + c47?
c44
In base 9, what is 4015 - -266?
4282
In base 3, what is 21111 + 120122121?
120221002
In base 4, what is -32222011 + 23?
-32221322
In base 14, what is -111b74 - 1?
-111b75
In base 8, what is 3 + 2240406?
2240411
In base 7, what is -265 - 1052?
-1350
In base 12, what is 8 - -715?
721
In base 4, what is 10201032 - -12?
10201110
In base 6, what is -122 + -35253?
-35415
In base 10, what is 115384 + 29?
115413
In base 6, what is 222 + -3251?
-3025
In base 13, what is 8c2 - -345?
c37
In base 16, what is -3b - -18?
-23
In base 8, what is -2 + -40051?
-40053
In base 12, what is 564320 + 2?
564322
In base 7, what is -32455 + -206?
-32664
In base 11, what is 275 + 285?
54a
In base 4, what is -11 - -331013030?
331013013
In base 4, what is 210303 + 33?
211002
In base 11, what is -97 + 1430?
1344
In base 8, what is 303275 - 6?
303267
In base 3, what is -1021200101220 + 2?
-1021200101211
In base 3, what is 1022210002 - 10211?
1022122021
In base 5, what is -1124 - -1110?
-14
In base 8, what is 1255 + 110?
1365
In base 6, what is -24 - 14112?
-14140
In base 11, what is -143 - 30315?
-30458
In base 7, what is -44614 + 26?
-44555
In base 9, what is 147730 + 10?
147740
In base 6, what is 5 - -4400031?
4400040
In base 14, what is 164b - 8?
1643
In base 8, what is 1524 - 13?
1511
In base 12, what is 73109 - -4?
73111
In base 14, what is d - 19db3?
-19da4
In base 7, what is -541542 + -1?
-541543
In base 16, what is 11d1 + 7?
11d8
In base 15, what is -1d2c - -2?
-1d2a
In base 6, what is -314552 + -14?
-315010
In base 9, what is 5 + 603780?
603785
In base 15, what is 43 + -35d4?
-3591
In base 14, what is 2 - 11d0b?
-11d09
In base 9, what is -1355258 - 1?
-1355260
In base 8, what is -226213 - -3?
-226210
In base 7, what is -1001661 + 4?
-1001654
In base 4, what is 0 - 131321221?
-131321221
In base 2, what is -1101001101000111 - -11?
-1101001101000100
In base 16, what is 378 + -1f?
359
In base 4, what is -3 + -103332?
-110001
In base 9, what is 133415 + -17?
133387
In base 15, what is ae - -d91?
e50
In base 15, what is -d3ae9 + 4?
-d3ae5
In base 11, what is 25 - -1162?
1187
In base 13, what is -190300 + 5?
-1902c8
In base 10, what is -18224 + -5?
-18229
In base 10, what is 30 - -8556?
8586
In base 16, what is 3 - -4089?
408c
In base 14, what is 3 - 1bc49?
-1bc46
In base 7, what is 16126 - 41?
16055
In base 12, what is b2 - -1aab?
1ba1
In base 14, what is b + -d8b1?
-d8a4
In base 15, what is a13 + -4?
a0e
In base 4, what is -222 + 11011?
10123
In base 7, what is 0 + -114010?
-114010
In base 16, what is -28f - d?
-29c
In base 10, what is 1732 + -1?
1731
In base 15, what is 7873 - 5?
786d
In base 6, what is 105205 - 231?
104534
In base 6, what is -33 + -20230?
-20303
In base 9, what is 42718 - 0?
42718
In base 9, what is 2 - -114808?
114811
In base 5, what is -2 - 101242120?
-101242122
In base 7, what is 1430 - 163?
1234
In base 13, what is 1970 - 14?
1959
In base 3, what is 10 - -20010110?
20010120
In base 6, what is 5 + 4202204?
4202213
In base 12, what is -1400b + 8?
-14003
In base 13, what is -1289 + -79?
-1335
In base 16, what is 10 + 17c?
18c
In base 2, what is 1001101101100111101 - 10?
1001101101100111011
In base 10, what is -19771 + 2?
-19769
In base 6, what is -1243105 - 0?
-1243105
In base 10, what is -86524 + 0?
-86524
In base 6, what is 12535 - 2?
12533
In base 16, what is 156601 + -2?
1565ff
In base 10, what is 451556 - -4?
451560
In base 3, what is -1002112221002 + 21?
-1002112220211
In base 12, what is -15 + 516?
501
In base 4, what is 1110310331 + 1?
1110310332
In base 6, what is -3 - 40305?
-40312
In base 10, what is 94860 - -44?
94904
In base 9, what is 64 + 804?
868
In base 8, what is -11565 - 145?
-11732
In base 11, what is 8 + -6167?
-615a
In base 16, what is 2f8 - 8cc?
-5d4
In base 8, what is 4032440 - 6?
4032432
In base 5, what is -1043442314 - 3?
-1043442322
In base 2, what is 1111010101 + 100011?
1111111000
In base 5, what is 2233124 + -2?
2233122
In base 8, what is 5 + 34726?
34733
In base 2, what is -1111011 - 1000101110?
-1010101001
In base 13, what is 232 + 0?
232
In base 15, what is -123176 + 4?
-123172
In base 4, what is 3210 + 102?
3312
In base 10, what is 4 + 26801?
26805
In base 3, what is 0 - -102112?
102112
In base 9, what is -1277 - 701?
-2078
In base 3, what is 2 - -21111210?
21111212
In base 4, what is -1 - 3222311110?
-3222311111
In base 13, what is 9 + 30b6?
30c2
In base 9, what is 2 - -15584?
15586
In base 6, what is -4 - -102055?
102051
In base 14, what is a4a - -66a?
12b6
In base 14, what is 616646 - 2?
616644
In base 16, what is -1 + -393a?
-393b
In base 3, what is -201120100 + -11?
-201120111
In base 10, what is 560358 + -5?
560353
In base 3, what is 101200002 + -11?
101122221
In base 14, what is -7 - 703c?
-7045
In base 16, what is -41 - -408?
3c7
In base 10, what is 3 - -11828?
11831
In base 5, what is 10 + -113140?
-113130
In base 7, what is 111131 + -3?
111125
In base 5, what is -22043104 + -2?
-22043111
In base 12, what is -5a53 + -10?
-5a63
In base 10, what is 1 - 6422?
-6421
In base 16, what is -4 + b22?
b1e
In base 11, what is 2586 + 2?
2588
In base 16, what is -b - 13074?
-1307f
In base 6, what is -11 + 313542?
313531
In base 10, what is 147 - 82?
65
In base 16, what is 2290 - -8?
2298
In base 2, what is -10111010010000 + -100?
-10111010010100
In base 9, what is 6244 - 145?
6088
In base 16, what is c + 3fc?
408
In base 15, what is -7 + 45cdc?
45cd5
In base 16, what is -65f552 + -2?
-65f554
In base 11, what is -46613 + 1?
-46612
In base 12, what is -1 - -5826a?
58269
In base 2, what is -1001101110 + -1000011001101?
-1001100111011
In base 7, what is 150 + -222?
-42
In base 8, what is 21707 - -16?
21725
In base 15, what is -52 - -4b5?
463
In base 13, what is 3 + -5138?
-5135
In base 7, what is 1 + 222134?
222135
In base 4, what is -3123030 + 12?
-3123012
In base 2, what is 10001101110 + 10?
10001110000
In base 3, what is -21101002 + 0?
-21101002
In base 9, what is 188 - 271?
-72
In base 9, what is -2 - 213412?
-213414
In base 8, what is 23266 + 7?
23275
In base 6, what is 11 + -2045010?
-2044555
In base 3, what is 1212 + -12112000?
-12110011
In base 4, what is 200112331303 + -3?
200112331300
In base 2, what is 10000 - -110011010000100?
110011010010100
In base 